hat is the hundred thousands digit of 597355262?
3
What is the tens digit of 4204164507?
0
What is the ten millions digit of 69692777?
6
What is the hundreds digit of 209066771?
7
What is the ten thousands digit of 314438957?
3
What is the millions digit of 785382101?
5
What is the tens digit of 6412846210?
1
What is the hundred thousands digit of 193842153?
8
What is the hundred millions digit of 516384150?
5
What is the thousands digit of 69661275?
1
What is the tens digit of 133012986?
8
What is the hundreds digit of 2735493230?
2
What is the tens digit of 759896017?
1
What is the hundreds digit of 189806535?
5
What is the hundreds digit of 742950058?
0
What is the ten millions digit of 593256117?
9
What is the hundreds digit of 377044604?
6
What is the millions digit of 105558532?
5
What is the hundreds digit of 135326092?
0
What is the thousands digit of 5493545697?
5
What is the tens digit of 1170862936?
3
What is the hundred thousands digit of 1170811686?
8
What is the hundreds digit of 47563632?
6
What is the thousands digit of 37788405?
8
What is the hundred thousands digit of 90697585?
6
What is the hundreds digit of 42438241?
2
What is the hundreds digit of 439682858?
8
What is the units digit of 976060154?
4
What is the hundred thousands digit of 438176278?
1
What is the hundred millions digit of 5306702910?
3
What is the hundreds digit of 115396767?
7
What is the hundred thousands digit of 56965478?
9
What is the units digit of 40405157?
7
What is the hundred thousands digit of 170138953?
1
What is the billions digit of 1023132163?
1
What is the units digit of 51811267?
7
What is the hundreds digit of 2047241031?
0
What is the hundreds digit of 904302611?
6
What is the ten thousands digit of 218767091?
6
What is the ten thousands digit of 166105993?
0
What is the ten thousands digit of 313624029?
2
What is the tens digit of 54123345?
4
What is the ten thousands digit of 62103992?
0
What is the ten thousands digit of 5222727605?
2
What is the millions digit of 159167113?
9
What is the hundreds digit of 35099844?
8
What is the millions digit of 140719510?
0
What is the ten thousands digit of 19735630?
3
What is the units digit of 407732812?
2
What is the hundred thousands digit of 264499764?
4
What is the units digit of 142934171?
1
What is the tens digit of 42351817?
1
What is the millions digit of 341533270?
1
What is the thousands digit of 351745867?
5
What is the hundreds digit of 4675061266?
2
What is the units digit of 3072029482?
2
What is the hundred millions digit of 151050459?
1
What is the hundreds digit of 601925010?
0
What is the ten thousands digit of 1830060?
3
What is the hundreds digit of 1077940657?
6
What is the tens digit of 83401267?
6
What is the tens digit of 3690288567?
6
What is the hundreds digit of 93538177?
1
What is the thousands digit of 2945687746?
7
What is the ten thousands digit of 96162791?
6
What is the hundreds digit of 639766208?
2
What is the ten millions digit of 1824595124?
2
What is the thousands digit of 215297811?
7
What is the hundred thousands digit of 1295895987?
8
What is the thousands digit of 1803999167?
9
What is the ten millions digit of 2864639525?
6
What is the hundred millions digit of 183157641?
1
What is the ten thousands digit of 1403678?
0
What is the tens digit of 44821582?
8
What is the units digit of 250128555?
5
What is the ten thousands digit of 191006214?
0
What is the hundred thousands digit of 5520972?
5
What is the hundred thousands digit of 2948209306?
2
What is the billions digit of 1103321337?
1
What is the hundred thousands digit of 6074187602?
1
What is the hundred thousands digit of 3774325911?
3
What is the millions digit of 116890956?
6
What is the ten millions digit of 996140869?
9
What is the hundred thousands digit of 1803277227?
2
What is the millions digit of 161528288?
1
What is the units digit of 31287525?
5
What is the hundred thousands digit of 128325847?
3
What is the ten thousands digit of 131836371?
3
What is the ten millions digit of 59596910?
5
What is the tens digit of 41306131?
3
What is the millions digit of 619915082?
9
What is the hundred thousands digit of 1325508648?
5
What is the ten millions digit of 469927310?
6
What is the thousands digit of 147177281?
7
What is the tens digit of 2419871956?
5
What is the hundreds digit of 61192083?
0
What is the hundred thousands digit of 57999420?
9
What is the hundred thousands digit of 2821432964?
4
What is the thousands digit of 1173774565?
4
What is the units digit of 91388206?
6
What is the hundreds digit of 44320446?
4
What is the hundreds digit of 129628558?
5
What is the tens digit of 64326622?
2
What is the ten millions digit of 20907669?
2
What is the hundred millions digit of 3184259678?
1
What is the hundreds digit of 37705811?
8
What is the millions digit of 2135537557?
5
What is the thousands digit of 273943802?
3
What is the ten thousands digit of 783437704?
3
What is the tens digit of 346463028?
2
What is the units digit of 819406486?
6
What is the hundred thousands digit of 34678239?
6
What is the millions digit of 1982267944?
2
What is the ten millions digit of 629292359?
2
What is the ten thousands digit of 95138357?
3
What is the hundred thousands digit of 8680866?
6
What is the ten thousands digit of 2720760927?
6
What is the ten millions digit of 126870194?
2
What is the thousands digit of 3749940672?
0
What is the ten millions digit of 267538430?
6
What is the units digit of 149074964?
4
What is the hundred millions digit of 2064191845?
0
What is the millions digit of 177527824?
7
What is the ten thousands digit of 1539394795?
9
What is the hundred thousands digit of 94696064?
6
What is the thousands digit of 809833585?
3
What is the ten thousands digit of 37138746?
3
What is the hundred millions digit of 3069037559?
0
What is the hundred millions digit of 842997636?
8
What is the hundred millions digit of 254949085?
2
What is the units digit of 43427415?
5
What is the hundreds digit of 40571439?
4
What is the millions digit of 32399715?
2
What is the millions digit of 638716031?
8
What is the hundreds digit of 23739220?
2
What is the millions digit of 50223100?
0
What is the hundred thousands digit of 2820698937?
6
What is the millions digit of 66017408?
6
What is the ten thousands digit of 212494618?
9
What is the hundreds digit of 624426?
4
What is the hundreds digit of 358525661?
6
What is the tens digit of 61631321?
2
What is the ten thousands digit of 2009422453?
2
What is the units digit of 422849509?
9
What is the millions digit of 2096439313?
6
What is the tens digit of 1121835905?
0
What is the tens digit of 85012?
1
What is the thousands digit of 2926906671?
6
What is the ten millions digit of 40469307?
4
What is the millions digit of 1208324386?
8
What is the ten thousands digit of 248822274?
2
What is the ten thousands digit of 12814178?
1
What is the hundreds digit of 703364949?
9
What is the ten thousands digit of 2057703?
5
What is the ten thousands digit of 8059293337?
9
What is the ten millions digit of 159560764?
5
What is the billions digit of 1578237150?
1
What is the billions digit of 1922139016?
1
What is the tens digit of 242244519?
1
What is the units digit of 60806423?
3
What is the hundreds digit of 343561617?
6
What is the hundred thousands digit of 33688407?
6
What is the units digit of 2048609141?
1
What is the tens digit of 49522709?
0
What is the ten thousands digit of 439033030?
3
What is the thousands digit of 4603995431?
5
What is the hundred thousands digit of 77450841?
4
What is the ten millions digit of 76688871?
7
What is the tens digit of 855322425?
2
What is the thousands digit of 806058227?
8
What is the units digit of 1709765451?
1
What is the ten thousands digit of 3665971559?
7
What is the ten thousands digit of 79656018?
5
What is the ten thousands digit of 10220486?
2
What is the ten thousands digit of 66824017?
2
What is the thousands digit of 21177037?
7
What is the ten millions digit of 1101929718?
0
What is the hundred thousands digit of 791125445?
1
What is the hundred thousands digit of 202028456?
0
What is the units digit of 1593202?
2
What is the hundred thousands digit of 445782463?
7
What is the ten millions digit 